3*i + 4*l. Suppose -2*w - 8 = 0, 0 = -5*z - 4*w + i - 77. Is 12 a factor of z?
False
Is 101 + -5 - (-3)/(-1) a multiple of 31?
True
Suppose -3*s = -16 - 23. Suppose -4*v - 9 = 4*f - 37, -f = -2*v - s. Is f a multiple of 9?
True
Let m = -24 - -36. Is 12 a factor of m?
True
Let z(o) = o**2 - 9*o - 2. Does 40 divide z(-9)?
True
Let j(g) = -6*g**2 + 5*g. Let b be j(2). Suppose -2*p + 1 = 2*t - 13, t - 27 = 4*p. Let n = t - b. Does 7 divide n?
False
Suppose 0 = 3*o - 3*j - 129, -2*j + 66 = 2*o - 0*j. Let i(c) = c**2 - 7*c - 3. Let x be i(8). Suppose 36 = x*n + f + f, 4*n - o = 3*f. Does 3 divide n?
False
Let k be 4/(-10) - 48/(-20). Suppose -2 - 6 = -k*y. Is 11 a factor of 106/y - (-1)/2?
False
Let p(q) be the second derivative of -q**3/3 + 2*q**2 + q. Suppose 0 = -5*y + 3*y - 22. Is 10 a factor of p(y)?
False
Let f = 474 - 201. Is 31 a factor of f?
False
Let u = -52 - -85. Let h = -2 + u. Does 9 divide h?
False
Suppose -5*y - 5 = -5*m, -2*m + 4*y + 3 = y. Suppose m*g + 29 = g. Is g a multiple of 14?
False
Suppose 5*w - w = 8, -4*w = -5*m + 12. Suppose m*g = -4*t + 20, g = -0 + 3. Is t*(2 + 9/2) a multiple of 8?
False
Let g(m) = -m**3 - 8*m**2 + 10*m + 13. Let i be g(-9). Does 24 divide (-48)/i*-4 - -4?
False
Let x = -154 + 223. Let n(a) = 6*a**3 + a**2 - 3*a - 3. Let u be n(-2). Let w = x + u. Is w a multiple of 17?
False
Suppose -u - 3 + 0 = 5*z, -5*z + 18 = 4*u. Is 4 a factor of 1 + -2 - u/(-1)?
False
Let x(s) = -s**3 + 8*s**2 + 8*s + 10. Let k be (-4)/12 - 50/(-6). Let d be x(k). Is 8 a factor of d/3 + 2/(-3)?
True
Let t(f) = f - 19. Let d(v) = -1. Let k(l) = 5*d(l) - t(l). Is 2 a factor of k(7)?
False
Suppose -2*z + 30 = 3*z. Let r(g) = -4*g**2 + 5*g**2 + z*g - 2*g**2 + 2*g**2 + 8. Does 7 divide r(-6)?
False
Let p be -2*9/6 - -1. Let u = 23 + p. Suppose 2*k - u = -v, k - 2*v = v - 7. Is k a multiple of 4?
True
Suppose -15 = -5*c + 2*c. Suppose 5*d = f + 148 - c, -2*f - 62 = -2*d. Does 7 divide d?
True
Is 3 a factor of 170/15 + (-2)/6?
False
Let j = -105 - -184. Suppose 25 = -2*t + j. Is t a multiple of 9?
True
Let r(c) = -c + 5. Is 3 a factor of r(-6)?
False
Let o(w) = 35*w**3 + w**2. Does 10 divide o(1)?
False
Let r be (14/(-6))/(2/(-144)). Suppose -l + r = 4*i - 0*l, -i + 42 = -5*l. Is 16 a factor of i?
False
Let u(z) = -82*z**3 + z**2 + z + 1. Is 23 a factor of u(-1)?
False
Let f(v) = 2*v**2 - 2*v - 1. Let x be f(-2). Let d be x*(3/(-3) + 2). Let b = 24 - d. Is 13 a factor of b?
True
Suppose 0 = -3*d - 3*h + 385 + 56, 3*d = 5*h + 465. Does 26 divide d?
False
Suppose 2*o - 12 = -2*o. Suppose o*d - 2*d = 5. Suppose 0 = 3*f - d*f + 20. Does 5 divide f?
True
Suppose g - 650 = -4*g. Suppose 60 + g = 5*q. Does 19 divide q?
True
Let h = 3 - 2. Suppose 37 = 5*k - 4*f, -2*k - f + 0*f = -20. Is 7 a factor of k + (2 + -3 - h)?
True
Let m(y) = y**2 - 2*y - 5. Let l be m(7). Suppose p = 2*p - l. Does 15 divide p?
True
Is (27/(-6) - -2)*-14 a multiple of 15?
False
Let b = -56 - -126. Suppose 2*s = 4*u + 68, -4*u - b = -3*s + 42. Is s a multiple of 11?
True
Suppose -15*o + 12*o + 57 = 0. Is o a multiple of 19?
True
Suppose 0 = 5*x + 3*b - 264, 40 - 146 = -2*x - b. Suppose 4*j = j + x. Does 6 divide j?
True
Suppose -i - 3*i = -84. Does 5 divide i?
False
Suppose 3 = 2*c - 7. Suppose 2*m - 5 = -c*p + 1, -3*m = 6. Suppose p*u + u - 24 = 0. Is u a multiple of 4?
True
Let x = -12 + 20. Let w be (15/12)/(2/x). Suppose w*z + 0*z - 20 = 0. Does 2 divide z?
True
Let h = -11 + 16. Suppose -2*v + h*v = 186. Let w = v - 26. Is 12 a factor of w?
True
Let y(k) = -k + 2. Let d be y(6). Let m(t) = -t**2 - 6*t - 4. Let r be m(d). Suppose g = r, 0*l + 3*g = l + 3. Is 4 a factor of l?
False
Let s be 99/6 - 3/6. Let a be (-2)/8 - (-180)/s. Does 12 divide 3/(-3)*-1 + a?
True
Let k = -46 - -178. Is 22 a factor of k?
True
Suppose 78 = 2*v - v. Does 13 divide v?
True
Let a be 8/14*28/8. Suppose -39 = r - a*r. Is r a multiple of 9?
False
Suppose 2*l - 5*l = -6. Suppose -i + 43 = -4*h, -2*i - 136 = -4*i - l*h. Let g = 93 - i. Does 15 divide g?
True
Suppose 5*u + c = -102, -4*u + 0*u - 2*c = 84. Let n be (6/8)/(5/u). Does 12 divide 2/n + 38/3?
True
Let h = 57 - 34. Is 8 a factor of h?
False
Suppose 235 = 5*v - y - 98, 4*y = v - 59. Is 42 a factor of v?
False
Let h(n) = n**2 + 13. Let i be h(-10). Suppose 7 + i = 4*y. Does 10 divide y?
True
Is (-18)/(-30)*(28 - -2) a multiple of 2?
True
Let v be (-1 - 3)/(12/(-66)). Suppose 5*a + 24 + 6 = 4*n, 4*n = 2*a. Let r = a + v. Is 12 a factor of r?
True
Is (-8)/3*(-702)/8 a multiple of 13?
True
Suppose -3*j = -j. Suppose i = -j*i + 10. Is i a multiple of 5?
True
Suppose 15*j = 1146 - 171. Is 4 a factor of j?
False
Suppose 4 = -3*m - 2, -4*m = -w + 22. Is w even?
True
Let k(q) = -q**2 + 7*q - 5. Let n be k(6). Let x be (-2 - -5)*n/1. Suppose -x*a + 83 = 8. Does 8 divide a?
False
Let p = -550 - -290. Does 20 divide p/(-5) + 0 + 3?
False
Suppose 0 = 2*g + 2*s, 3*g - 21 = g + 5*s. Suppose -3 = 4*i + 3*l - 5, -4*i = -4*l - 16. Suppose 5*x - i*k - 144 = -g*k, 0 = -k - 1. Is x a multiple of 19?
False
Let c = -145 + 210. Let v = c + -38. Is v a multiple of 9?
True
Let o = -55 + 205. Is 30 a factor of o?
True
Let k = 9 + -1. Is k a multiple of 2?
True
Let g(c) = c**3 + 5*c**2 + c + 7. Let r be g(-5). Suppose 3*i + 21 = 2*h + h, 5*i - 35 = -5*h. Suppose r*u + 245 = h*u. Does 14 divide u?
False
Suppose 0 = x - 0*x + 20. Let p = x - -44. Is 13 a factor of p?
False
Let g = 300 - 172. Let f be -38*1*2/(-4). Suppose -3*v + f + g = 0. Is v a multiple of 13?
False
Let y = -19 + 112. Is y a multiple of 42?
False
Suppose 4*g + t = 370, g - t - 188 = -g. Does 37 divide g?
False
Let n = -8 - -5. Let i(c) = -c**3 - 2*c**2 - c + 4. Is i(n) a multiple of 5?
False
Suppose -46 = -5*x - 1. Let p = 13 - x. Suppose 2 = 2*u - p. Is 3 a factor of u?
True
Let d(q) = -q**2 - 11*q - 1. Is 3 a factor of d(-10)?
True
Let w(j) be the second derivative of j**5/60 + j**4/12 - j**3 - j**2 - 3*j. Let r(k) be the first derivative of w(k). Is r(6) a multiple of 21?
True
Suppose -2*c - 6 = -4*c. Let u(l) = 0*l**3 + 0 + 2 - l**c - 4 - 2*l + l**2. Is 14 a factor of u(-2)?
True
Let l = 288 - 186. Does 22 divide l?
False
Let i(y) = -y**3 - y**2 - y - 1. Let r(v) = -8*v**3 - 7*v**2 - 6*v - 4. Let s(a) = -5*i(a) + r(a). Is 19 a factor of s(-2)?
True
Let c = -31 + 52. Suppose 3*f - c = 4*u, -2*f + 3*u + 12 = -3. Is 2 a factor of f?
False
Let i(d) = d - 1. Let h(n) = 15*n - 7. Let j(s) = h(s) - 5*i(s). Let l be j(2). Suppose 4 - l = -r. Is 5 a factor of r?
False
Let r(n) = -2*n - 9. Let g be r(-6). Suppose -4*d = 2*z - 4, 3*d = -z + 4*d + 2. Suppose -115 = -5*v + w, z*v - g*v - 4*w = -44. Does 13 divide v?
False
Suppose 0 = 7*g - 9*g + 18. Is 2 a factor of g?
False
Suppose -7*x + 10*x = 69. Is 9 a factor of x?
False
Let a = -54 + 130. Is 19 a factor of a?
True
Suppose -26 + 6 = -5*s. Suppose 4*u + 5*c = 32, c + s + 12 = 2*u. Is 3 a factor of u?
False
Suppose -29 = -3*y + 16. Does 5 divide y?
True
Let a = 43 + 14. Suppose a = 3*g - 3. Is 9 a factor of g?
False
Let t(w) = -3*w**2 - 27*w + 27. Let i(c) = -c**2 - 9*c + 9. Suppose -4*y + 2*h - 62 = 0, -5*y + 3*h - 73 = -h. Let q(x) = y*i(x) + 6*t(x). Does 11 divide q(-7)?
False
Let g = -7 + 22. Suppose 2*u = -t + g, -u + 30 = 3*t - t. Suppose -w + 1 = -t. Is 8 a factor of w?
True
Let c(a) = -a**3 + 4*a**2 + 2*a - 6. Let t be c(4). Suppose 0*z - t*z + 42 = 0. Does 14 divide z?
False
Let k be (2 + -3 + 1)/(-2). Suppose -t + 41 + 3 = k. Does 16 divide t?
False
Let z = -18 - -21. Suppose z*r + 0*r - 81 = 0. Does 10 divide r?
False
Suppose 3 + 13 = 4*w. Let y = 34 + w. Is 14 a factor of y?
False
Let i(w) be the first derivative of w**3/3 - w**2/2 + 2*w - 1. Is 8 a factor of i(3)?
True
Let p be (-2)/9 - (-303)/27. Let g(h) = 3*h + 23. Let z be g(-6). Let l = p - z. Does 3 divide l?
True
Suppose 15 = 3*z, -a + 6*z + 2 = 5*z. Is 7 a factor of a?
True
Let y(v) = -v**3 - 2*v**2 + 2*v. Let a be y(-3). Let w(k) = 7*k**2 + 3*k - 3. Does 23 divide w(a)?
True
Let n be 2/(-8) + 8/32. Let f(j) = -4*j - 1. Let y be f(-1). Is y + -3 - (n + -28) a multiple of 14?
True
Suppose -11*d + 42 = -486. Does 8 divide d?
True
Suppose 5*n = 23*n - 1782. Does 33 divide n?
True
Suppose 2*q - 7*q = -170. Does 3 divide q?
False
Is 10 a factor of (-1 - (-185)/6) + 7/42?
True
Let